{"id":17,"date":"2016-02-12T08:09:36","date_gmt":"2016-02-12T08:09:36","guid":{"rendered":"http:\/\/demos.famethemes.com\/onepress\/?page_id=17"},"modified":"2026-02-20T11:29:20","modified_gmt":"2026-02-20T14:29:20","slug":"our-history","status":"publish","type":"page","link":"https:\/\/institutonadar.org.br\/?page_id=17","title":{"rendered":"Nossa hist\u00f3ria"},"content":{"rendered":"<p align=\"justify\">O Instituto Nadar vem desenvolvendo as modalidades aqu\u00e1ticas no munic\u00edpio desde 2002, sendo a equipe de nata\u00e7\u00e3o representante de toda a regi\u00e3o da AMFRI em Santa Catarina, detentora de v\u00e1rios t\u00edtulos, destacando os cinco trof\u00e9us de Campeonato Sul Americanos e finalistas de Campeonato Mundial, com atletas ano a ano compondo as sele\u00e7\u00f5es brasileiras e estaduais. O NADAR (N\u00facleo Aqu\u00e1tico de Desenvolvimento Atl\u00e9tico e Reabilitacional) surgiu em 2015, com o intuito de oportunizar as atividades aqu\u00e1ticas, historicamente muito onerosas e fora do alcance financeiro da maioria das fam\u00edlias, sendo hoje considerado o MAIOR projeto de atividades aqu\u00e1ticas do pa\u00eds.<\/p>\n<p align=\"justify\">O Instituto NADAR atende em seus 4 n\u00facleos ativos pr\u00f3ximo a 6.000 fam\u00edlias, oferecendo atividades como nata\u00e7\u00e3o infantil, hidrogin\u00e1stica, hidroterapia, nata\u00e7\u00e3o para beb\u00eas, nata\u00e7\u00e3o com turmas especializadas para crian\u00e7as com defici\u00eancia e nata\u00e7\u00e3o competitiva gratuitamente \u00e0 popula\u00e7\u00e3o. Ainda oferta \u00e0 popula\u00e7\u00e3o futebol, jiu jitsu, jud\u00f4, gin\u00e1stica r\u00edtmica e pilates gratuitamente<\/p>\n","protected":false},"excerpt":{"rendered":"<p>O Instituto Nadar vem desenvolvendo as modalidades aqu\u00e1ticas no munic\u00edpio desde 2002, sendo a equipe de nata\u00e7\u00e3o representante de toda a regi\u00e3o da AMFRI em Santa Catarina, detentora de v\u00e1rios t\u00edtulos, destacando os cinco trof\u00e9us de Campeonato Sul Americanos e finalistas de Campeonato Mundial, com atletas ano a ano compondo as sele\u00e7\u00f5es brasileiras e estaduais&#8230;<\/p>\n","protected":false},"author":2,"featured_media":1636,"parent":0,"menu_order":0,"comment_status":"closed","ping_status":"closed","template":"","meta":{"footnotes":""},"class_list":["post-17","page","type-page","status-publish","has-post-thumbnail","hentry"],"yoast_head":"<!-- This site is optimized with the Yoast SEO plugin v22.7 - https:\/\/yoast.com\/wordpress\/plugins\/seo\/ -->\n<title>Nossa hist\u00f3ria - Instituto Nadar<\/title>\n<meta name=\"robots\" content=\"index, follow, max-snippet:-1, max-image-preview:large, max-video-preview:-1\" \/>\n<link rel=\"canonical\" href=\"http:\/\/institutonadar.org.br\/?page_id=17\" \/>\n<meta property=\"og:locale\" content=\"pt_BR\" \/>\n<meta property=\"og:type\" content=\"article\" \/>\n<meta property=\"og:title\" content=\"Nossa hist\u00f3ria - Instituto Nadar\" \/>\n<meta property=\"og:description\" content=\"O Instituto Nadar vem desenvolvendo as modalidades aqu\u00e1ticas no munic\u00edpio desde 2002, sendo a equipe de nata\u00e7\u00e3o representante de toda a regi\u00e3o da AMFRI em Santa Catarina, detentora de v\u00e1rios t\u00edtulos, destacando os cinco trof\u00e9us de Campeonato Sul Americanos e finalistas de Campeonato Mundial, com atletas ano a ano compondo as sele\u00e7\u00f5es brasileiras e estaduais...\" \/>\n<meta property=\"og:url\" content=\"http:\/\/institutonadar.org.br\/?page_id=17\" \/>\n<meta property=\"og:site_name\" content=\"Instituto Nadar\" \/>\n<meta property=\"article:publisher\" content=\"https:\/\/www.facebook.com\/institutonadar\" \/>\n<meta property=\"article:modified_time\" content=\"2026-02-20T14:29:20+00:00\" \/>\n<meta property=\"og:image\" content=\"http:\/\/institutonadar.org.br\/wp-content\/uploads\/2026\/02\/2017-2.jpg\" \/>\n\t<meta property=\"og:image:width\" content=\"960\" \/>\n\t<meta property=\"og:image:height\" content=\"720\" \/>\n\t<meta property=\"og:image:type\" content=\"image\/jpeg\" \/>\n<meta name=\"twitter:card\" content=\"summary_large_image\" \/>\n<meta name=\"twitter:label1\" content=\"Est. tempo de leitura\" \/>\n\t<meta name=\"twitter:data1\" content=\"2 minutos\" \/>\n<script type=\"application\/ld+json\" class=\"yoast-schema-graph\">{\"@context\":\"https:\/\/schema.org\",\"@graph\":[{\"@type\":\"WebPage\",\"@id\":\"http:\/\/institutonadar.org.br\/?page_id=17\",\"url\":\"http:\/\/institutonadar.org.br\/?page_id=17\",\"name\":\"Nossa hist\u00f3ria - Instituto Nadar\",\"isPartOf\":{\"@id\":\"https:\/\/institutonadar.org.br\/#website\"},\"primaryImageOfPage\":{\"@id\":\"http:\/\/institutonadar.org.br\/?page_id=17#primaryimage\"},\"image\":{\"@id\":\"http:\/\/institutonadar.org.br\/?page_id=17#primaryimage\"},\"thumbnailUrl\":\"https:\/\/institutonadar.org.br\/wp-content\/uploads\/2026\/02\/2017-2.jpg\",\"datePublished\":\"2016-02-12T08:09:36+00:00\",\"dateModified\":\"2026-02-20T14:29:20+00:00\",\"breadcrumb\":{\"@id\":\"http:\/\/institutonadar.org.br\/?page_id=17#breadcrumb\"},\"inLanguage\":\"pt-BR\",\"potentialAction\":[{\"@type\":\"ReadAction\",\"target\":[\"http:\/\/institutonadar.org.br\/?page_id=17\"]}]},{\"@type\":\"ImageObject\",\"inLanguage\":\"pt-BR\",\"@id\":\"http:\/\/institutonadar.org.br\/?page_id=17#primaryimage\",\"url\":\"https:\/\/institutonadar.org.br\/wp-content\/uploads\/2026\/02\/2017-2.jpg\",\"contentUrl\":\"https:\/\/institutonadar.org.br\/wp-content\/uploads\/2026\/02\/2017-2.jpg\",\"width\":960,\"height\":720},{\"@type\":\"BreadcrumbList\",\"@id\":\"http:\/\/institutonadar.org.br\/?page_id=17#breadcrumb\",\"itemListElement\":[{\"@type\":\"ListItem\",\"position\":1,\"name\":\"In\u00edcio\",\"item\":\"https:\/\/institutonadar.org.br\/\"},{\"@type\":\"ListItem\",\"position\":2,\"name\":\"Nossa hist\u00f3ria\"}]},{\"@type\":\"WebSite\",\"@id\":\"https:\/\/institutonadar.org.br\/#website\",\"url\":\"https:\/\/institutonadar.org.br\/\",\"name\":\"Instituto Nadar\",\"description\":\"\",\"publisher\":{\"@id\":\"https:\/\/institutonadar.org.br\/#organization\"},\"potentialAction\":[{\"@type\":\"SearchAction\",\"target\":{\"@type\":\"EntryPoint\",\"urlTemplate\":\"https:\/\/institutonadar.org.br\/?s={search_term_string}\"},\"query-input\":\"required name=search_term_string\"}],\"inLanguage\":\"pt-BR\"},{\"@type\":\"Organization\",\"@id\":\"https:\/\/institutonadar.org.br\/#organization\",\"name\":\"Instituto Nadar\",\"url\":\"https:\/\/institutonadar.org.br\/\",\"logo\":{\"@type\":\"ImageObject\",\"inLanguage\":\"pt-BR\",\"@id\":\"https:\/\/institutonadar.org.br\/#\/schema\/logo\/image\/\",\"url\":\"https:\/\/institutonadar.org.br\/wp-content\/uploads\/2024\/01\/cropped-family_final-380x380-1.png\",\"contentUrl\":\"https:\/\/institutonadar.org.br\/wp-content\/uploads\/2024\/01\/cropped-family_final-380x380-1.png\",\"width\":380,\"height\":141,\"caption\":\"Instituto Nadar\"},\"image\":{\"@id\":\"https:\/\/institutonadar.org.br\/#\/schema\/logo\/image\/\"},\"sameAs\":[\"https:\/\/www.facebook.com\/institutonadar\",\"https:\/\/www.youtube.com\/@nadaritajai7830\",\"https:\/\/www.instagram.com\/institutonadar\/\"]}]}<\/script>\n<!-- \/ Yoast SEO plugin. -->","yoast_head_json":{"title":"Nossa hist\u00f3ria - Instituto Nadar","robots":{"index":"index","follow":"follow","max-snippet":"max-snippet:-1","max-image-preview":"max-image-preview:large","max-video-preview":"max-video-preview:-1"},"canonical":"http:\/\/institutonadar.org.br\/?page_id=17","og_locale":"pt_BR","og_type":"article","og_title":"Nossa hist\u00f3ria - Instituto Nadar","og_description":"O Instituto Nadar vem desenvolvendo as modalidades aqu\u00e1ticas no munic\u00edpio desde 2002, sendo a equipe de nata\u00e7\u00e3o representante de toda a regi\u00e3o da AMFRI em Santa Catarina, detentora de v\u00e1rios t\u00edtulos, destacando os cinco trof\u00e9us de Campeonato Sul Americanos e finalistas de Campeonato Mundial, com atletas ano a ano compondo as sele\u00e7\u00f5es brasileiras e estaduais...","og_url":"http:\/\/institutonadar.org.br\/?page_id=17","og_site_name":"Instituto Nadar","article_publisher":"https:\/\/www.facebook.com\/institutonadar","article_modified_time":"2026-02-20T14:29:20+00:00","og_image":[{"width":960,"height":720,"url":"http:\/\/institutonadar.org.br\/wp-content\/uploads\/2026\/02\/2017-2.jpg","type":"image\/jpeg"}],"twitter_card":"summary_large_image","twitter_misc":{"Est. tempo de leitura":"2 minutos"},"schema":{"@context":"https:\/\/schema.org","@graph":[{"@type":"WebPage","@id":"http:\/\/institutonadar.org.br\/?page_id=17","url":"http:\/\/institutonadar.org.br\/?page_id=17","name":"Nossa hist\u00f3ria - Instituto Nadar","isPartOf":{"@id":"https:\/\/institutonadar.org.br\/#website"},"primaryImageOfPage":{"@id":"http:\/\/institutonadar.org.br\/?page_id=17#primaryimage"},"image":{"@id":"http:\/\/institutonadar.org.br\/?page_id=17#primaryimage"},"thumbnailUrl":"https:\/\/institutonadar.org.br\/wp-content\/uploads\/2026\/02\/2017-2.jpg","datePublished":"2016-02-12T08:09:36+00:00","dateModified":"2026-02-20T14:29:20+00:00","breadcrumb":{"@id":"http:\/\/institutonadar.org.br\/?page_id=17#breadcrumb"},"inLanguage":"pt-BR","potentialAction":[{"@type":"ReadAction","target":["http:\/\/institutonadar.org.br\/?page_id=17"]}]},{"@type":"ImageObject","inLanguage":"pt-BR","@id":"http:\/\/institutonadar.org.br\/?page_id=17#primaryimage","url":"https:\/\/institutonadar.org.br\/wp-content\/uploads\/2026\/02\/2017-2.jpg","contentUrl":"https:\/\/institutonadar.org.br\/wp-content\/uploads\/2026\/02\/2017-2.jpg","width":960,"height":720},{"@type":"BreadcrumbList","@id":"http:\/\/institutonadar.org.br\/?page_id=17#breadcrumb","itemListElement":[{"@type":"ListItem","position":1,"name":"In\u00edcio","item":"https:\/\/institutonadar.org.br\/"},{"@type":"ListItem","position":2,"name":"Nossa hist\u00f3ria"}]},{"@type":"WebSite","@id":"https:\/\/institutonadar.org.br\/#website","url":"https:\/\/institutonadar.org.br\/","name":"Instituto Nadar","description":"","publisher":{"@id":"https:\/\/institutonadar.org.br\/#organization"},"potentialAction":[{"@type":"SearchAction","target":{"@type":"EntryPoint","urlTemplate":"https:\/\/institutonadar.org.br\/?s={search_term_string}"},"query-input":"required name=search_term_string"}],"inLanguage":"pt-BR"},{"@type":"Organization","@id":"https:\/\/institutonadar.org.br\/#organization","name":"Instituto Nadar","url":"https:\/\/institutonadar.org.br\/","logo":{"@type":"ImageObject","inLanguage":"pt-BR","@id":"https:\/\/institutonadar.org.br\/#\/schema\/logo\/image\/","url":"https:\/\/institutonadar.org.br\/wp-content\/uploads\/2024\/01\/cropped-family_final-380x380-1.png","contentUrl":"https:\/\/institutonadar.org.br\/wp-content\/uploads\/2024\/01\/cropped-family_final-380x380-1.png","width":380,"height":141,"caption":"Instituto Nadar"},"image":{"@id":"https:\/\/institutonadar.org.br\/#\/schema\/logo\/image\/"},"sameAs":["https:\/\/www.facebook.com\/institutonadar","https:\/\/www.youtube.com\/@nadaritajai7830","https:\/\/www.instagram.com\/institutonadar\/"]}]}},"_links":{"self":[{"href":"https:\/\/institutonadar.org.br\/index.php?rest_route=\/wp\/v2\/pages\/17","targetHints":{"allow":["GET"]}}],"collection":[{"href":"https:\/\/institutonadar.org.br\/index.php?rest_route=\/wp\/v2\/pages"}],"about":[{"href":"https:\/\/institutonadar.org.br\/index.php?rest_route=\/wp\/v2\/types\/page"}],"author":[{"embeddable":true,"href":"https:\/\/institutonadar.org.br\/index.php?rest_route=\/wp\/v2\/users\/2"}],"replies":[{"embeddable":true,"href":"https:\/\/institutonadar.org.br\/index.php?rest_route=%2Fwp%2Fv2%2Fcomments&post=17"}],"version-history":[{"count":0,"href":"https:\/\/institutonadar.org.br\/index.php?rest_route=\/wp\/v2\/pages\/17\/revisions"}],"wp:featuredmedia":[{"embeddable":true,"href":"https:\/\/institutonadar.org.br\/index.php?rest_route=\/wp\/v2\/media\/1636"}],"wp:attachment":[{"href":"https:\/\/institutonadar.org.br\/index.php?rest_route=%2Fwp%2Fv2%2Fmedia&parent=17"}],"curies":[{"name":"wp","href":"https:\/\/api.w.org\/{rel}","templated":true}]}}